, 7
Let k(y) = y**3 + 14*y**2 - 2*y + 4. What are the prime factors of k(-8)?
2, 101
What are the prime factors of ((-1112)/12)/(8/(-60))?
5, 139
Let p(v) = -41 + v - 40 + 80. Let x be p(6). Suppose x*n = -f - 2*f + 242, -20 = -5*n. List the prime factors of f.
2, 37
Let w(x) = 3*x + 6. Let p be w(-4). Let f = p - -20. List the prime factors of f.
2, 7
Let m be (2 - 4)/((-8)/32). Suppose -356 = -10*r + m*r. What are the prime factors of r?
2, 89
Let k(m) = 2*m**2 + 11*m - 30. What are the prime factors of k(6)?
2, 3
Suppose 765 = 5*v - 3*z, 0 = -v + 3*v - 5*z - 325. Suppose 0 = 3*h - 4*r - v - 460, h = 3*r + 210. What are the prime factors of h?
2, 3, 11
Let l(b) = 92*b + 11. Let k be l(2). Suppose -5*t + k = 5*y, y - 82 = 5*t - 247. List the prime factors of t.
2, 17
List the prime factors of (-1127)/(-7) + (2 - 3 - 3).
157
Let o(c) = -c**3 - 2*c**2 - 6*c - 7. Let m be o(-2). Suppose -2*i + 0*i = 5*k - 155, -4*k = m*i - 413. List the prime factors of i.
5, 17
Suppose -2*h - 1828 = -2*b, -h + 2754 = -3*b + 6*b. What are the prime factors of b?
7, 131
Let t(f) = -f**3 - 5*f**2 - 10*f + 2. Let m be t(-8). Suppose m = 5*d - 11. What are the prime factors of d?
3, 19
Suppose -3*w - 2*p = 2*w - 669, -2*w + 4*p = -282. List the prime factors of w.
3, 5
Suppose 0 = 2*h - 3*m - 1241, -5*h - 2*m + 4757 - 1702 = 0. What are the prime factors of h?
613
Let w be -2 + ((-2823)/(-18) - (-1)/6). Suppose -209 = -156*o + w*o. What are the prime factors of o?
11, 19
Let t = 137 - 101. Let h = 63 - t. What are the prime factors of h?
3
Suppose -2*s + 18 = -i + 41, 5*s + 35 = -2*i. Let z(r) = r**2 - 3*r - 12. List the prime factors of z(s).
2, 3
Suppose -67 + 7 = -6*v. Let q = v + -8. What are the prime factors of q?
2
Let q(o) = 54*o**2 + 50*o + 261. What are the prime factors of q(-8)?
31, 107
Let i(k) be the first derivative of 5*k - 1/4*k**4 - 8/3*k**3 - 3 - 4*k**2. What are the prime factors of i(-7)?
2, 3
Let c(l) = -33*l + 16. Let d be c(11). Let s = 502 + d. List the prime factors of s.
5, 31
Suppose -5*q + 45 = -5*d, d = q + 3*d. Suppose 0 = 2*m + 2 - q. Suppose -3*i = -6, -4*i + 91 = 3*g - m*i. List the prime factors of g.
29
Suppose -2*l - 652 = 2*v, -4*l = -5*v + 2*v + 1325. Let a = l - -524. Suppose -2*c + 4*q = -78, -5*q - a = 4*c - 9*c. List the prime factors of c.
3, 13
Let z(r) = -r - 12. Let o be z(9). Let h = -11 - o. Suppose 0 = g - 4*p - 14, 0 = 2*g - 4*p - h - 10. What are the prime factors of g?
2, 3
Suppose 47*i = 29*i + 9774. What are the prime factors of i?
3, 181
Suppose -i = -n - 1, -i - n + 11 = 4. What are the prime factors of 180 - (20/(-5) + i)?
2, 3, 5
Let j(l) = l**2 - 6*l + 6. Let d be j(4). Let k(x) = x**3 + x**2 - 4*x - 3. Let v be k(d). What are the prime factors of (v/(-2))/(8/(-48))?
3
Suppose -6679 = -26*o - 2519. List the prime factors of o.
2, 5
Suppose -n = -l, -n = 3*l + 16 - 0. What are the prime factors of (-106)/n + 9/18?
3
Suppose 79 = o + c - 20, 3*o = 2*c + 287. Let b = o - 66. What are the prime factors of b?
31
Suppose t = 10 - 5. Let m(k) = -k**2 + 4*k + 5. Let r be m(5). Suppose -p + 3*v + r*v = -13, -t*v = -4*p + 52. What are the prime factors of p?
13
Let k = -8 + 14. Suppose -2*j + k*j = 380. List the prime factors of j.
5, 19
Suppose -42*a + 10*a + 117504 = 0. List the prime factors of a.
2, 3, 17
What are the prime factors of 56*(2 + 304/28) - -5?
5, 29
Let w = 152 + -91. Suppose -544 = -5*n + w. What are the prime factors of n?
11
Let p = 69 - -2399. What are the prime factors of p?
2, 617
Let o = 20 + -16. Suppose -o*s = -s - 6. Suppose 0 = r - 0*r - 3*y - 18, 0 = -s*r + 2*y + 48. List the prime factors of r.
3
What are the prime factors of 1380 + -8 + 9 - 3?
2, 13, 53
Suppose 718 = 5*n - 1407. What are the prime factors of n?
5, 17
List the prime factors of 1128/16*136/6.
2, 17, 47
Let i = 166 + 100. What are the prime factors of i?
2, 7, 19
Let k(h) be the third derivative of h**5/30 + 7*h**4/24 - 5*h**3/3 - 13*h**2. List the prime factors of k(-7).
3, 13
Let l(h) be the first derivative of -h**3/3 + 5*h**2/2 - 6*h + 4. Let p be l(6). Let f = p - -32. List the prime factors of f.
2, 5
Let f(m) = -m. Let d(u) = u + 1. Let k(t) = -d(t) - 6*f(t). Let i(o) = -o**3 + 4*o**2 + 6*o + 2. Let h be i(5). What are the prime factors of k(h)?
2, 17
Let x be (-84)/10 + (-2)/(-5). Suppose 12*p - 30 = 7*p - 4*q, -5*q - 15 = p. Let b = x + p. What are the prime factors of b?
2
List the prime factors of (-16 + 12)*-54*11/3.
2, 3, 11
Let j = -180 - -395. Suppose -4*m - p = -890, -m + j = 7*p - 3*p. What are the prime factors of m?
223
Let m(u) = 6*u + 3. Let f(z) = z**2 + 8*z + 6. Let a be f(-7). Let l be (6/(-9))/a*6. What are the prime factors of m(l)?
3
Let g = 73 - 33. Suppose 0 = 2*j - g - 28. What are the prime factors of j?
2, 17
Let s = -778 - -1144. List the prime factors of s.
2, 3, 61
Let p be 0/(-3)*2/(-4). Let o = p - -110. Suppose -6*z + z + o = -3*d, -3*z + 55 = -4*d. What are the prime factors of z?
5
Let y = 1296 + -303. List the prime factors of y.
3, 331
Suppose j - 246 = 327. List the prime factors of j.
3, 191
Let i(l) = -11*l - 42. Let g(a) = -23*a - 89. Let m(d) = -6*g(d) + 13*i(d). Suppose -v - 3 = 4. What are the prime factors of m(v)?
23
Suppose 3*s = -10 - 17. Let h(u) be the third derivative of -u**6/120 - 3*u**5/20 - u**4/24 + 13*u**3/6 + 45*u**2. What are the prime factors of h(s)?
2, 11
List the prime factors of (-126896)/(-55) + 12/(-10).
2, 1153
Suppose -6*l + 4*l + 2*y = -24, 0 = -l + 2*y + 8. Let q = 27 + l. What are the prime factors of q?
43
Let v(i) be the second derivative of i**4/12 - 5*i**3/6 - 7*i**2 + 8*i. Let w = 10 - 0. List the prime factors of v(w).
2, 3
Suppose 0 = c - 2, -2*c = -o + 2*o - 10. List the prime factors of (44/o)/((-6)/(-72)).
2, 11
Let b(g) = -g**2 + 6*g + 3. Let i(q) = 6*q**3 + q**2 - q. Let z be i(1). Suppose z*x - 30 = x. List the prime factors of b(x).
3
Let z = -508 - -1495. List the prime factors of z.
3, 7, 47
Let q(p) = p**3 + 7*p**2 - 11*p - 1. Let s be q(-8). Let t = s + -18. Suppose -46 = t*a - 141. List the prime factors of a.
19
Let k = 1089 + -328. Suppose 4*q - d = 609, -2*d - k = -5*q - d. What are the prime factors of q?
2, 19
Suppose 0 + 4 = p. Let v(r) = 7*r + 1. What are the prime factors of v(p)?
29
Let s = -35 + -50. Let r = s + 169. List the prime factors of r.
2, 3, 7
Suppose -2*s - 2*b = -66, -5*b = s - 0*b - 49. Let i = -27 + s. Suppose 94 = i*x + 4*k, 3*x - 2*x - 40 = 5*k. What are the prime factors of x?
3, 5
Suppose 0 = 3*z, -7*z - 100 = -5*x - 4*z. Suppose 2*t - x = -2*c, -13 + 3 = -t - 3*c. List the prime factors of t.
2, 5
Suppose 0 = -2*i - 52 + 70. Let u(a) = 11*a + 28. What are the prime factors of u(i)?
127
Let a = 59 + -55. Suppose 23 = k - 5*o - 5, 0 = 4*k + a*o - 88. What are the prime factors of k?
23
Let h(z) be the second derivative of z**4/12 - 3*z**3 + 11*z**2/2 + 11*z. What are the prime factors of h(20)?
3, 17
Let i(w) = 48*w**2 + 19*w + 133. What are the prime factors of i(-6)?
1747
Let y(f) = f. Let k be y(5). List the prime factors of 1878/30 - (-2)/k.
3, 7
Suppose 0*u = -y - 4*u - 141, -4*u = 8. Let j = y + 189. List the prime factors of j.
2, 7
Let k = -350 - -832. What are the prime factors of k?
2, 241
Suppose -10*g = -12*g. Suppose -5*v = -2*v + 6, -q + v + 6 = g. Suppose 5*n - r - 234 = -0*n, 4 = q*r. List the prime factors of n.
47
Suppose 4*j - p - 3 = -6, 0 = -4*j - 4*p - 8. List the prime factors of 494/13 + j/(-1).
3, 13
Suppose -5*z - 147 = -4*o + 914, -4*o + 1054 = 2*z. Suppose 4*u - 4*d - o = 0, d + 2*d = 6. What are the prime factors of u?
2, 17
Suppose 183*u = 188*u - 1210. List the prime factors of u.
2, 11
Suppose 24*h = 23*h + 13. Suppose -u = 1 - h. What are the prime factors of 297/u - 6/(-24)?
5
Let c(u) = 31*u + 515. List the prime factors of c(23).
2, 307
Suppose 0 = -34*q + 29*q + 5. What are the prime factors of ((-105)/(-25))/(q/25)?
3, 5, 7
Suppose 0 = -p + 36 - 42. List the prime factors of 3/p*(-192)/8.
2, 3
Suppose 3*z - 57 = -0*z. Suppose 0 = -3*k - 3*y - 3, y = 5*k - 2*y - z. Suppose -k*m + m = -14. List the prime factors of m.
2, 7
Suppose 115 = 15*g - 10*g + 5*m, -m = 2*g - 43. List the prime factors of g.
2, 5
Suppose -12*w + 7*w = 4*z - 9185, 0 = -4*z. What are the pri